(-21) - (-8)/(-224)*4?
2
Suppose -37*j + 112*j - 126 = 54*j. What is the remainder when 809 is divided by j?
5
Suppose -3*l - 19 = -3*j - 115, -69 = -2*l - 3*j. Calculate the remainder when (2354/l)/((-4)/(-6)) is divided by 31.
14
Let u be -2*(-3)/(-2) + 703. Let l = u - 681. Calculate the remainder when 35 is divided by l.
16
Let c = -248 + 248. Calculate the remainder when -31*(-2 + 1) - 2 is divided by 2 - -2 - (-4 - c).
5
Suppose -666 + 4 = -3*x - 5*n, -5 = n. Calculate the remainder when x is divided by (18 - 7)*(9 - ((-5 - 0) + 11)).
31
Suppose 0 = -0*t + t - 55. Let f(h) be the third derivative of -h**5/60 + 5*h**4/24 + h**3/3 - 20*h**2. What is the remainder when t is divided by f(2)?
7
Let k be (4 - (-27)/(-6))*(-60)/2. Suppose 19*h = k*h + 168. Calculate the remainder when 205 is divided by h.
37
Suppose 0 = 3*j - 3*s + 4*s + 11, 3*s = 2*j - 11. Suppose 5*o - 5 = -3*g + 8*g, 4*g - 4 = 0. Calculate the remainder when j/7 - (-704)/112 is divided by o.
0
Let a(c) = -31 - 27 - 50*c - 64. What is the remainder when 110 is divided by a(-3)?
26
Let t = 484 + -456. Let j(m) = -m**2 - m + 81. Calculate the remainder when j(0) is divided by t.
25
Suppose 0 = -2*v + 2*w + 16, 31 - 12 = 2*v - 3*w. Suppose -4*d + 151 + 45 = 0. What is the remainder when d is divided by v?
4
Suppose -3*t + 15 = 0, 11*t - 10*t = n - 23. What is the remainder when 109 is divided by n?
25
Let g(q) = -1815*q + 9196. What is the remainder when 3989 is divided by g(5)?
117
Let c = 21 + -20. Let k = c - -1. Suppose -2*x - k = -x, -3*t - 2*x = -245. What is the remainder when t is divided by 21?
20
Suppose -3*l + 4*i + 280 = 2*l, -5*i = -2*l + 112. What is the remainder when 2799 is divided by l?
55
Suppose y = -5*i + 665, 833*i - 831*i = 4*y - 2484. What is the remainder when y is divided by 204?
13
Let g(f) = 11*f**2 - f - 2. Let m(o) = 30860*o + 92591. Calculate the remainder when g(-2) is divided by m(-3).
0
Let n(k) = 243*k + 1243. Calculate the remainder when 920 is divided by n(-5).
24
Let t = 39 + -84. Let x be ((-60)/t)/(1/3). Suppose 0*i + x*i - 32 = 0. What is the remainder when 21 is divided by i?
5
Let v(q) = 397*q + 1852. What is the remainder when 367 is divided by v(-4)?
103
Let y = -80 + 56. Let b(t) = 1932*t - 9647. What is the remainder when (y/(-10))/(6/90) is divided by b(5)?
10
Let s = 1081 - 1051. Suppose 5*c = 2 + 28. Calculate the remainder when ((-220)/s - -10)*12 is divided by c.
2
Suppose -676*b - 2960 = -713*b. What is the remainder when 1035 is divided by b?
75
Suppose -5*x = -5*i + 110, 3*x = 4*i + x - 96. Suppose -252 = -b - 4*v - i, -459 = -2*b - v. What is the remainder when b is divided by 14?
6
Suppose -5*l + 13 = 3. Suppose 5*q + l*c - 6*c = 1181, -5*c = 4*q - 912. What is the remainder when q is divided by 14?
9
Let p be ((-2)/3)/(1/186*4). Let z be (90/24 - (-2)/8)*p. Let i = 219 + z. What is the remainder when i is divided by 14?
11
Suppose -t + 620 = t - 3*v, -t = -5*v - 310. Let x = t - 146. Let g(k) = 11*k**2 + 314*k - 117. Calculate the remainder when x is divided by g(-29).
24
Let p(f) = -f + 17. Let r be p(11). Suppose -80 = -r*j + 22. Suppose -20*o = -j*o - 39. What is the remainder when 22 is divided by o?
9
Suppose 218*y - 90*y = 2560. Calculate the remainder when 3542 is divided by y.
2
Suppose 13 = 7*a - 43. Suppose 0*c + a = -2*c - 4*x, 0 = 2*x + 4. Suppose c*o - 16 = -2*o. Calculate the remainder when 29 is divided by o.
5
Let d = 42838 + -42802. Suppose -245 = -5*i - 4*w + 422, -3*i - 3*w = -402. Calculate the remainder when i is divided by d.
23
Let w be 18/(-8)*(-16)/6. Let s = w - 14. Calculate the remainder when 3 is divided by (-28)/s*2 - 4.
0
Let d(f) = -45*f - 2528. Suppose -3*n = 4*m - 65, -4*n = n - m - 139. Calculate the remainder when d(-58) is divided by n.
1
Let v = 2143 + -2109. Let l(x) = x**3 + 9*x**2 - 5*x - 2. What is the remainder when l(-7) is divided by v?
29
Suppose -39*o + 270 = -33*o. Suppose -35*a + 102*a = 2211. Calculate the remainder when o is divided by a.
12
Suppose -i = -3*i - 140. Let z be 5*((-8)/i - 4/(-14)). Suppose w = r - 5, -4*r - z*w + 0*w = -20. Calculate the remainder when r is divided by 4.
1
Suppose 463*z - 470*z = -2933. What is the remainder when 4198 is divided by z?
8
Let y = -35 - -115. Let r be (-492)/9*(-36)/(-8). What is the remainder when y is divided by ((-5)/((-45)/r))/(10/(-15))?
39
Let t(o) = o**3 - 24*o**2 + 45*o - 9. Suppose -5*c = -13*c + 176. Suppose 22 + 16 = s. Calculate the remainder when s is divided by t(c).
12
Suppose -103*t + r = -101*t - 39564, 6*t = -4*r + 118678. Calculate the remainder when t is divided by 126.
125
Suppose -3*f - 4*j + 9 = -190, 2*f = -j + 126. Calculate the remainder when 119 - (-8 + 3)/5 is divided by f.
59
Let p(s) = 146*s - 5. Let v(k) = k**2 + 17*k + 61. Let a be v(-12). What is the remainder when p(a) is divided by 75?
66
Let k = -1251 + 2017. What is the remainder when k is divided by 10?
6
Let s(d) = 3*d**2 + 1. Let a be s(-1). Suppose -3*x - 235 = -y - 158, 0 = 3*x - 5*y + 85. Let n = a - x. Calculate the remainder when n is divided by 16.
13
Let s(u) = u**2 - 11*u + 3. Let d(h) = -3*h**2 + 23*h - 7. Let x(b) = 2*d(b) + 5*s(b). Suppose 2*l = 5 - 19. Calculate the remainder when x(l) is divided by 12.
3
Let q(i) = -i + 23. Calculate the remainder when q(-11) is divided by ((-2)/9 - 800/(-36))/2.
1
Let k(x) = 2*x**2 - 2*x + 13. Let s be k(6). Let u = 514 + -568. Let n = u + s. What is the remainder when 67 is divided by n?
10
Let w = -22 - -30. Let u be -7 - -1 - (-6 - (-56)/w). What is the remainder when 262 is divided by (-1 + 3)*((-371)/2)/u?
50
Let p = -18672 + 20095. What is the remainder when p is divided by 157?
10
Let k(i) = -3*i**2 - 3*i - 1. Let c(h) = h**2. Let t(f) = -2*c(f) - k(f). What is the remainder when 34539/232 + 4/32 is divided by t(-6)?
16
Suppose x - 41 = -4*d, 4*x + d - 176 + 42 = 0. Suppose 0*c + 5*c - 756 = -4*c. What is the remainder when c is divided by x?
18
Let h(t) = -46*t**2 + t + 2. Let m = -23 + 22. Let g be h(m). What is the remainder when 48 is divided by ((-15)/g)/((-1)/(-42))?
6
What is the remainder when 319/(-3)*3*-1 is divided by 27?
22
Let o = -120 + 210. Suppose 18 + o = y. Suppose -7*s - y = -11*s. What is the remainder when 51 is divided by s?
24
Suppose 19 = -0*u + u. Suppose 4 = -z + u. What is the remainder when z is divided by -9*((-10)/(-6) + (-224)/96)?
3
Suppose -256*a = 419*a + 151*a - 110684. Suppose 5*z + 2*t - 156 = -2*t, -4*t = 4*z - 128. Calculate the remainder when a is divided by z.
22
Suppose 2*b - 7*b + w + 81 = 0, 4*w = -3*b + 44. Calculate the remainder when b is divided by (-2)/(-12) + (-116)/(-24).
1
Let q = 1335 - 1240. What is the remainder when 290 is divided by q?
5
Let p = 1650 - -240. Suppose v = -4*y + p - 594, 3*v + 311 = y. Calculate the remainder when y is divided by 18.
17
Suppose -1465 = -24*x - 313. Suppose -462 = 42*o - x*o. Calculate the remainder when o is divided by 13.
12
Suppose 37*o - 6490 - 11606 = -11*o. What is the remainder when o is divided by 19?
16
Let p = 704 - -766. Suppose -6*h = 29*h - p. Calculate the remainder when 93 is divided by h.
9
Let t = 50 + -48. Let l be ((3 - 6) + t)/(1/(-5)). Let a(c) = c**2 - c + 6. Calculate the remainder when a(l) is divided by 9.
8
Let j(k) = -2*k**3 + 3*k**2 - k - 1. Let y be j(2). Let b be 349/y + (-3)/21. Let c = b - -61. Calculate the remainder when 30 is divided by c.
8
Suppose -l + 214*b = 216*b - 50, 5*b = -4*l + 191. Calculate the remainder when 25607 is divided by l.
43
Suppose -254 = -20*k + 1466. What is the remainder when 154 is divided by k?
68
What is the remainder when 16/32*-30 - -1382 is divided by 14?
9
Let n(h) = h**2 + 253. Suppose -3*l + 78 = 3*j, -4*j + 88 = 9*l - 6*l. What is the remainder when n(0) is divided by l?
13
Suppose 3*x - x + 73 = 3*u, 12 = 3*x. Let p(s) = -416*s**3 - s**2 - 2*s + 13. Let h be p(-3). What is the remainder when h/84 - 10/12 is divided by u?
25
Suppose 5*j = 1 + 69. Let f(m) = m**3 - 15*m**2 + 17*m - 14. Suppose 7 = 4*v - 33. What is the remainder when f(j) is divided by v?
8
Suppose -6*l = 14*l - 80. Suppose 4*f + l = 24. What is the remainder when 49 is divided by f?
4
Let p(d) = -4*d + 11. Suppose -l = -2*c + 13, -5*c - 5 = -0*l + 5*l. Calc